-4). Let x(s) = -s**2 + 10. What are the prime factors of x(i)?
2, 5
Let n(o) be the third derivative of -o**4/6 - o**3/2 + 2*o**2. Let k(s) = -s**3 + 5*s**2 - 4*s - 3. Let g be k(4). What are the prime factors of n(g)?
3
Let u(q) = q - 13. List the prime factors of u(17).
2
Suppose 0*p = 5*p - 170. List the prime factors of p.
2, 17
Let y(x) be the third derivative of x**6/120 + x**5/6 + x**4/4 - x**3/2 - 2*x**2. What are the prime factors of y(-9)?
2, 3
Let f(m) be the third derivative of m**5/60 - m**4/24 + 10*m**3/3 - m**2. What are the prime factors of f(0)?
2, 5
Let b = 7 + -11. Let f = -6 - b. What are the prime factors of 1 - ((-2)/2 + f)?
2
Suppose -4*k = -3*k - 5. Let q = k - 5. Suppose -2*y - 2*o + 0*o + 28 = 0, -2*y - o + 25 = q. What are the prime factors of y?
11
Suppose -2*c - c + 15 = 0, -13 = -l - 3*c. Let p be l/8 - 68/(-16). Suppose -3*b + 4*m = -3 - 4, -4*b + 28 = p*m. What are the prime factors of b?
5
Suppose 2*y - 4*v = -5*v + 10, -y - v + 7 = 0. Let b = y + 6. List the prime factors of b.
3
List the prime factors of (-6 + 3)*(-25)/3.
5
Suppose 2 = -3*w + w. Let m be 3 - (w - -2*2). Let k = 3 - m. List the prime factors of k.
3
Suppose q - 3*j - 22 = 23, -160 = -5*q + 2*j. What are the prime factors of q/3 + (-2 - 1)?
7
Suppose c - 7 = -4. Let y = -49 - -75. Suppose -y = -s - c. What are the prime factors of s?
23
Let j(m) = -m**3 - 2*m**2 + 2*m - 3. Let k be j(-3). Let y(n) = n. Let z be y(k). Let v = z - -12. List the prime factors of v.
2, 3
Let w = 185 + -87. List the prime factors of w.
2, 7
Let s = -21 + 40. What are the prime factors of s?
19
Suppose 3*i - 20 = -v, 4*i + 1 = -v + 20. Let x = v - 15. List the prime factors of x.
2
Let c(w) = w**3 + 6*w**2 - 4*w - 3. What are the prime factors of c(-4)?
3, 5
Let y = 102 - 192. Let g = y - -58. Let n = -23 - g. What are the prime factors of n?
3
Let j = -15 + 5. Let o = -8 - j. List the prime factors of o.
2
Let z(u) = 2*u**3 - 3*u**2 - 5*u + 2. Let p(q) = 3*q + 11. Let t(h) = 8*h + 33. Let d(j) = -11*p(j) + 4*t(j). Let b be d(8). What are the prime factors of z(b)?
2, 7
Suppose -d = -2*d. Suppose 0 = -5*b + 5*l + 90, d = -2*b - 5*l + 7 + 64. List the prime factors of b.
23
Let j be ((-4)/(-6))/((-18)/135). What are the prime factors of (-14)/j + (-5)/(-25)?
3
Suppose 5*z = z. Suppose z = 3*h - 0*h + 6, 0 = -3*a + 5*h + 40. What are the prime factors of a?
2, 5
List the prime factors of 517/33 - (-2)/6.
2
Let r(v) = v**3 - 5*v**2 - 3*v + 1. Let k be r(6). Let c = k - 8. List the prime factors of c.
11
Let s = -5 - -5. Suppose -3*i - 2*i + 10 = 5*x, -3*i + 2*x + 11 = s. What are the prime factors of i?
3
Let p(x) = -x - 4. Let z be p(-8). Suppose 0 = -2*u - 3*w + 20, -7*u = -3*u - z*w - 60. List the prime factors of u.
13
What are the prime factors of (-148)/6*(60/8)/(-5)?
37
What are the prime factors of 488/6 - (-34)/51?
2, 41
Let j(v) = -v**2 + 8*v + 5. List the prime factors of j(4).
3, 7
Let c(g) be the second derivative of -5*g**3/2 - 3*g**2/2 - 5*g. What are the prime factors of c(-2)?
3
Suppose 5*u + 0 = 15. Suppose 4*m = 2*n + 6*m - 10, -2*m = -n + 14. Let q = n + u. List the prime factors of q.
11
Let x be 1*(-4 - -3 - 2). List the prime factors of 4 - (-4 - x)*1.
5
Let m(l) = 6*l - 14. List the prime factors of m(7).
2, 7
Let x(m) = m**3 + 5*m**2 - 14*m - 5. List the prime factors of x(-6).
43
Suppose -3*v = -0*v - 3. Suppose 5*m - 2*m - 6 = 0. Let a = v + m. What are the prime factors of a?
3
Suppose 0 = -2*g + 3*f - 0*f + 64, -2*g + f = -64. Suppose 0 = -n + 3*n, -4*i + g = 4*n. List the prime factors of i.
2
Suppose 2*u = -0*u + 50. What are the prime factors of u?
5
Suppose i + 5*x - 37 = 0, -i - 4*x + 12 = -26. Suppose -3*p + i = -0*p. What are the prime factors of p?
2, 7
Suppose -5*b = 95 - 445. What are the prime factors of b?
2, 5, 7
Let m = -68 + 38. Let j be (-5)/(m/4)*6. Suppose -66 + 18 = -j*p. What are the prime factors of p?
2, 3
Let b = 42 - 27. Suppose 9 = 4*o - t - 100, 5*t = b. List the prime factors of o.
2, 7
Let y = 44 - -60. What are the prime factors of y?
2, 13
Let p = 12 + -18. Let m(d) = d**2 + 5*d - 1. Let g be m(p). Suppose g*v - 20 = -2*z, v = -v - 3*z + 8. What are the prime factors of v?
2
Suppose 0 = 5*t + 25, 4*j + 5*t + 2 + 3 = 0. Suppose f + 78 = 2*n, j*n - 2*f - 251 + 56 = 0. What are the prime factors of n?
3, 13
Let t = 338 + -11. What are the prime factors of t?
3, 109
Let n = -9 - -27. What are the prime factors of n?
2, 3
Let z be (1 - 2) + (-5 - -8). Suppose -5*i + z*i = -126. List the prime factors of i.
2, 3, 7
Suppose -2*q + 29 = 3*g - 107, 2*q - 88 = -2*g. What are the prime factors of g?
2, 3
Let d = 28 - 28. Suppose 3*f - 173 + 38 = d. What are the prime factors of f?
3, 5
Let v be -1*-12*(-9)/(-3). Suppose -2*l + 34 = -4. Suppose -5*c = -v - l. List the prime factors of c.
11
Suppose 845 = 19*p - 14*p. List the prime factors of p.
13
What are the prime factors of (-2)/8 - ((-10425)/20)/5?
2, 13
Suppose -4*z - 65 = -241. What are the prime factors of (-2)/6 - z/(-6)?
7
Suppose 5*u = 6*u - 69. What are the prime factors of u?
3, 23
Let j be 6 + (1 - (-4)/(-2)). Suppose -j*t - 5 = -2*h, 0*h = h - 2*t - 5. List the prime factors of h.
3, 5
Let n(j) = -j**3 - 10*j**2 - 11*j - 10. Let v be n(-9). Let i = v + -3. What are the prime factors of i?
5
Let h(j) be the first derivative of -1/4*j**4 + 0*j**3 + 12*j - 2 + 1/2*j**2. List the prime factors of h(0).
2, 3
Let y be 5/1*1/1. Let p = 14 - y. What are the prime factors of p?
3
Let y(v) = -3*v - 4. Let g be y(-4). Suppose -g = -4*o + 20. What are the prime factors of o?
7
Suppose 3*o + 15 = 0, -r - 4*o = -3*r + 24. Suppose r*a + 0*a - 10 = 0. Suppose -30 = -0*i - a*i. What are the prime factors of i?
2, 3
Let w(j) = 2*j**2 - 9*j - 27. List the prime factors of w(-8).
173
Let x(d) be the third derivative of 0 + 0*d + 2*d**2 + 1/30*d**5 - 1/6*d**4 + 1/2*d**3. List the prime factors of x(2).
3
Let n(d) be the third derivative of 0 - 2*d**2 - 1/120*d**6 + 0*d**3 + 0*d + 5/12*d**4 + 2/15*d**5. What are the prime factors of n(9)?
3
Suppose -z = -2*z + 65. What are the prime factors of z?
5, 13
Let m = 63 + -32. What are the prime factors of m?
31
Let p = 82 - -17. List the prime factors of p.
3, 11
Suppose 0 = -5*f - 27 + 7, -5*q + 61 = -4*f. Let v be 0 - (-1 + 2 + -7). Let a = q - v. What are the prime factors of a?
3
Let v be (-39 - (-6)/(-2))*-1. Let b = -24 + v. What are the prime factors of b?
2, 3
Let x(v) = v**2 - 9*v - 4. Let k = 13 + -3. List the prime factors of x(k).
2, 3
Let y(f) = 27*f**3 - 2*f**2 + 2*f - 1. List the prime factors of y(1).
2, 13
Suppose 560 = 5*c - 470. Suppose 0 = -3*o + 7 + c. Suppose -4*t = -o + 23. What are the prime factors of t?
2, 3
Suppose -s - 10 = -6*s. Suppose 5*c = 3*v, 3*c = 5*v - 14 - s. Suppose -5*z - 3*k + 45 = 0, -2*k = 2*z - c*k - 29. What are the prime factors of z?
2, 3
Suppose -28 = 4*r - 120. Suppose -h = -r - 2. What are the prime factors of h?
5
Let f be (-11 - -8)*(-2)/6. Suppose -51 + f = -2*n. What are the prime factors of n?
5
Let m(i) = 62*i - 2. List the prime factors of m(1).
2, 3, 5
Let n = -37 + 82. What are the prime factors of n?
3, 5
Let t(k) = k + 3. Suppose 0 = 2*x - 7*x + 10. Suppose 4*a + x*l = -a + 23, -5*a + 28 = -3*l. List the prime factors of t(a).
2
Let v = -34 + 18. What are the prime factors of v/(-56) - (-68)/7?
2, 5
Let o(x) = x**3 + 10*x**2 - x - 17. What are the prime factors of o(-7)?
137
Let o = 6 - 3. Suppose j - o*j = 4. What are the prime factors of (-18)/(-10) + j/(-10)?
2
Let i be (-4)/6 + 184/6. Suppose -2*a = -7*a + i. List the prime factors of a.
2, 3
Let r = 8 - 5. Suppose r*j - 6 = 2*j. Let s(q) = -q**3 + 6*q**2 + 4. What are the prime factors of s(j)?
2
Let b be 4*2/12*-3. Let s be b/(-4) - 1/(-2). Suppose q = s + 4. What are the prime factors of q?
5
Let f(u) = u**2 - 16*u - 11. Let b be f(12). Let x = -19 - b. What are the prime factors of x?
2, 5
Suppose d + 30 = 4*d. Suppose -d = -3*t - 1, 5*t - 67 = -2*p. What are the prime factors of p?
2, 13
Let y be (10/15)/(1/15). Suppose y = 5*m - 3*m. Suppose 0 = -k + m*c, 30 = 2*k - 0*c + 5*c. What are the prime factors of k?
2, 5
Suppose 5*a - 10 = 0, -5*a - 15 = 3*w - 8*w. Suppose 3*b - 3*n - 14 = 2*b, -w*b + 10 = 5*n. Suppose